ppose -2*y = 3*r - 7, 0 = 5*r + y - 4 - 10. Let g(t) = 6 + 0*t - 1 - r*t + 2*t. What is g(3)?
2
Let j(s) = -s - 2. Let k be j(2). Let f(q) = q**2 + 4*q + 2. Let i be f(k). Let c(h) = 2*h**3 - 3*h**2 + h. Calculate c(i).
6
Let g = -42 + 39. Let h(u) = -u + 4. What is h(g)?
7
Let a be 14 - (-2)/((-4)/6). Let p = 6 - a. Let i(q) = -q**2 - 2*q + 7. What is i(p)?
-8
Let i(t) be the second derivative of -t**4/12 + t**2 + 20*t. Calculate i(3).
-7
Let h(u) = -u**2 - 11*u - 8. Let f be h(-7). Suppose -6*b = -b + f. Let w(p) = -p**2 - 7*p - 6. What is w(b)?
6
Suppose -3*w + 4*g - 24 = -w, 3*g = -3*w. Let l(c) = 3*c - 5 - 5 + 1 - 4*c. Determine l(w).
-5
Let r(u) = -u + 2. Let f(x) = 6*x + 2. Suppose -5*l - 7 = -4*z, -8*z - 2*l = -4*z - 14. Let i be f(z). Suppose 3*p + i = -p. What is r(p)?
7
Suppose 4*w - 5*j - 3 = 0, 2*w + 2*j - 4 = w. Suppose -4*p + 0*p - w*x = -30, -3*x = p - 15. Let r(k) = k**2 - 7*k + 2. Give r(p).
-4
Let h(q) = 3*q**3 + q**2 - 4*q**3 - 2*q - 4*q**2 - 2. Calculate h(-2).
-2
Let g be (-58)/(-12) - 2/(-12). Let m(a) = -a**3 + 5*a**2 - 2*a + 6. Give m(g).
-4
Let v(u) = -7*u. Let h = -37 + 38. What is v(h)?
-7
Let k(u) = u + 6. Let i(x) = -x + 11. Let w be i(14). Let p(j) = -3*j - 17. Let g(b) = w*p(b) - 8*k(b). Determine g(-4).
-1
Let n be 2/2 + 2/1. Let m(g) = -2*g**2 + 5*g - 2*g**n - 4*g + g. Let t be -5 - ((4 - 1) + -6). Determine m(t).
4
Let k(f) = -2*f**3 + f**2 - f + 1. Let r(d) = -5*d**3 + 2*d**2 - 3*d + 2. Suppose v + 2 = -1. Let z(c) = v*r(c) + 7*k(c). What is z(-1)?
-1
Let l = -11 + 12. Let q(j) = -3*j**2 + 4 - j**3 - 2*j**2 - l + 0 - 3*j. Give q(-3).
-6
Let j(k) = 2*k**2 + 1. Let d be 2 + -4*(-3)/6. Suppose -n + 0*z = -d*z - 23, z = 5*n - 20. Suppose -n*s = s + 4. Give j(s).
3
Let c(r) = -3*r**3 + 8*r**2 - 14*r - 14. Let f(u) = -u**3 + 4*u**2 - 7*u - 7. Let n(q) = -2*c(q) + 5*f(q). Determine n(-5).
3
Let l(i) = 4*i - 3*i - 7*i + 0*i + i**2 + 4. Calculate l(5).
-1
Let z(v) = -v. Let x be (-6)/10*(-7 - -2). Suppose 0*o + x*i + 20 = o, i + 20 = 3*o. Determine z(o).
-5
Let h(y) be the first derivative of -y**2/2 + 11*y + 1. Let o(f) be the first derivative of -f**2 + 21*f - 6. Let d(g) = 11*h(g) - 6*o(g). Calculate d(5).
0
Let m be 37/7 - 4/14. Let a(l) = -2*l - 1. Determine a(m).
-11
Let i = 2 + 0. Let y = 2 - -3. Let f(c) = 0*c**2 - 4*c**2 + 2*c + 1 + y*c**2. Determine f(i).
9
Let h be (4/(-12))/((-2)/(-12)). Let d be h/(-4) + 44/8. Let b(x) = x**3 - 7*x**2 + 8*x - 9. Give b(d).
3
Let y be 28/35 - 58/10. Let w(v) be the third derivative of -1/60*v**5 - 1/4*v**4 + 1/3*v**3 + 0*v + 0 + v**2. Give w(y).
7
Let o(t) = -t + 2. Let h(r) = r + 4. Suppose 3*q = -q - 28. Let v be h(q). Let j be (-4)/6*v - -3. Give o(j).
-3
Let v = 2 - -3. Let g(z) = z**2 - 7*z - 1. Let b be g(v). Let m = b - -8. Let l(j) = -2*j. What is l(m)?
6
Let c(u) = 2*u**3 + 2*u**2 + 4*u. Let h(w) = -w**3 - 2*w**2 - 4*w. Let k(i) = -2*c(i) - 3*h(i). Suppose 2*x - 4 = 6*x. Let t be -1 + x/(2/(-8)). Calculate k(t).
3
Let z(s) = -4*s + 4. Let h = 1 + 4. Calculate z(h).
-16
Let z(q) = 2 + 6*q**2 - 4*q - 4*q**2 + q**3 - 5. Suppose -4*t = t + 15. Let b be z(t). Let k(j) = -j**3 - j**2 - 7. What is k(b)?
-7
Let h be (1/2)/(9/(-72)). Let k(s) = s + 7. What is k(h)?
3
Let a(i) = i**2 - i + 1. Let x(k) = k**3 + 8*k**2 - 2*k + 5. Let s(o) = 4*a(o) - x(o). What is s(-3)?
-4
Let g(l) = l**2 - 8*l + 5. Let w be 4/(-10) + (-81)/(-15). Let j be (w - -1)*18/27. What is g(j)?
-11
Let k(c) be the third derivative of c**4/24 - c**3/2 - 10*c**2. What is k(6)?
3
Let m = 2 - -2. Let p(r) = -3*r + 7. Let b(k) = -5*k + 13. Let l(z) = m*b(z) - 7*p(z). Determine l(-5).
-2
Let o(p) = 4*p - 9. Let k be o(4). Let u(t) = t**3 - 7*t**2 - 5. What is u(k)?
-5
Let f(w) = -2*w**2 - 3*w - 2. Let y(m) = -m - 17. Let x be y(-15). Give f(x).
-4
Let q(t) = -t - 3*t**2 - 6*t - 1 + t**3 + 6. What is q(4)?
-7
Let t(b) = b**2 + 5*b + 1. Suppose -11 - 31 = 3*g. Let k = g + 8. Determine t(k).
7
Suppose f - 16 = -4*a - 0, 0 = f + a - 7. Let q(m) = -2*m + 11*m - f + 3*m + 5. What is q(-1)?
-11
Let g(z) be the first derivative of z**2/2 + 4*z - 6. Determine g(0).
4
Let c(w) = -w**3 + 5*w**2 + 2*w - 7. Suppose -40 = 4*a + 4*r, 3*r + 70 = -5*a + 8*r. Let x = -7 - a. Calculate c(x).
3
Let i(t) = t**2 - 9*t - 7. Let d be i(10). Suppose 0*l + l = 2. Let o(k) = -5*k**2 + 1 + 2*k**d + 4*k**l - k**3. Determine o(0).
1
Let u(t) = 3*t**2 + 2*t - 2. Let b = 23 - 18. Suppose v + b = 3. Give u(v).
6
Let w = -13 + 14. Let q(s) = -11*s - 1. Give q(w).
-12
Let b(j) = 5*j**3 + j**2 - 1. Suppose 0 = -2*v - 2*v - 5*t - 21, -2*v + t = -7. Determine b(v).
5
Let v = -5 + 13. Suppose -4 = 4*k - v. Let u(y) = -3*y**3 - 4*y**2 + 3*y + 1. Let c(x) = 3*x**3 + 3*x**2 - 2*x - 1. Let i(j) = -3*c(j) - 2*u(j). Determine i(k).
-3
Let h(c) = -3*c**2 + c + 2. Suppose 2*t - 5*p + 41 = 0, 4*p = 2*t - 0*p + 36. Let l = -6 - t. Calculate h(l).
-8
Let k(s) = -6*s + 5 - 10 + 4. Let b be (-1*(4 + -2))/2. Give k(b).
5
Let a(u) = 2*u - 1. Suppose -r = -0*r - 6. Suppose r*f = 10*f - 12. Determine a(f).
5
Let j(a) = a**2 + 6*a - 2. Let w(s) = -s**3 + 5*s**2 + s - 6. Let p be w(5). Let o be 1*(-3 + 8)*p. Determine j(o).
-7
Let t(y) = -y**2 - y. Let x(m) = -2*m + 4*m**2 + m - 3 + 8*m + 1. Let p(h) = 3*t(h) + x(h). What is p(-3)?
-5
Let z(g) = g**3 - 10*g**2 - 6*g. Let i(l) = 3*l**3 - 21*l**2 - 11*l. Let q(m) = 2*i(m) - 5*z(m). Give q(-7).
-7
Let l(s) = -s. Suppose 3*b - b = 0. Suppose 174 = -5*p + 2*v, b = -5*p + 3*v - 7*v - 192. Let u be (p/45)/((-2)/10). Calculate l(u).
-4
Let n(d) = d. Let w be n(3). Let t(o) = -2 - w*o - 4 + 0. Give t(-4).
6
Suppose -2 = z - 0. Let v be 2/1 + 2 - -2. Let r(s) = -v + 3 - s - 3*s. Give r(z).
5
Let o(p) = 4*p + 9. Let r(y) = -11*y - 26. Let j(s) = -8*o(s) - 3*r(s). Let m = 6 + -12. Calculate j(m).
0
Let j be (-4)/(-3)*3/1. Suppose -j*h = h - 10. Suppose -28 = -4*m + 3*y - 0*y, 3*m + h*y = 4. Let o(z) = -z + 2. Determine o(m).
-2
Let d(l) be the third derivative of -l**4/12 - l**3/6 - l**2. What is d(6)?
-13
Let y(l) = 8 - l**2 - 8 - 2*l. What is y(2)?
-8
Let k(m) = 2*m + 4. Let s be 6/(8/4) - 8. Calculate k(s).
-6
Let z(a) = -a**3 + 4*a**2 - a + 2. Let m = -30 - -33. Calculate z(m).
8
Let k(y) be the third derivative of y**8/20160 + y**7/1680 - 7*y**6/720 + y**5/15 + 7*y**2. Let w(z) be the third derivative of k(z). Calculate w(-6).
11
Let w be 33/6 + -3 - (-6)/(-8). Let y(i) be the first derivative of 3 + 0*i**3 + i**2 + i + w*i**4. Give y(-1).
-8
Let t(r) = -6*r**2 + 4*r - 6. Suppose 0*x + 4 = 2*x. Let l(w) = -5*w**x - 2 - 3 + 4*w - 1. Let m(k) = 5*l(k) - 4*t(k). Calculate m(4).
-6
Let z(j) = j**3 + j + 1. Let i(u) = u**3 - 2*u**2 - 3*u + 3. Let d(c) = -c + 10. Let o be d(7). Let x be i(o). Let b = -4 + x. Calculate z(b).
-1
Let c be 1*-4*(-1)/(-1). Let b(s) be the third derivative of -s**5/60 - s**4/12 + 13*s**2. Calculate b(c).
-8
Let j(b) be the third derivative of -b**7/840 - b**6/180 - b**5/120 - b**3/3 - b**2. Let c(n) be the first derivative of j(n). Let h = -20 - -18. Give c(h).
2
Let z(g) = -9*g**2 - g - 7*g - 28 - g**3 + 26. Give z(-8).
-2
Let b(z) = -5*z. Let t(o) = o + 1. Let f(h) = -b(h) - 3*t(h). Suppose -i - 50 = -55. Calculate f(i).
7
Let n(i) = -5*i**2 - 5 + 9*i - 1 - i**3 + 8 + 5. What is n(-6)?
-11
Let z(j) = j**3 + 4*j**2 - 3*j + 6. Let f = 0 + 5. Let s = 0 - f. Calculate z(s).
-4
Let j(w) = -4*w - 1. Let a(g) be the third derivative of g**5/60 - 13*g**4/24 + 4*g**3/3 + 2*g**2. Let b be a(12). Let q be (b/2)/(-2 + 3). Calculate j(q).
7
Let p(m) be the second derivative of -1/4*m**4 + 1/2*m**2 + 0 + 1/2*m**3 + 1/60*m**5 + m. Let a(g) be the first derivative of p(g). Calculate a(3).
-6
Suppose 0*h - 11 = -h. Suppose 0 = 4*x - 13 - h. Suppose -w - 15 = -x*w. Let u(n) = -n**3 + 2*n**2 + n + 4. Calculate u(w).
-2
Let c = -15 - -19. Let k(w) be the second derivative of 1/2*w**2 + 0 + 0*w**3 + 2*w + 3/20*w**5 - 1/12*w**c. What is k(-1)?
-3
Let f = -104 - -104. Let n(a) = a**3 - a**2 + 13. Determine n(f).
13
Let m = 24 + -12. Suppose -4*x + m = -7*x. Let j(c) = -2*c + 1 - 5 + 1. Determine j(x).
5
Let w(h) = -h**2 + 6*h + 9. Let f be w(7). Let b be (f/(-3))/(6/18). Let d(g) = 6*g + 3. Let v(n) = 3*n + 1. Let k(j) = 2*d(j) - 5*v(j). Calculate k(b).
7
Let j(i) = -i**2 + 4*i + 5. Let q = 6 - -3. Let h(k) = k**3